(-3 + -2) + 3. Let q(z) = -3*z**2 - 5*z + 6 - 3 - 2 + z**3. Determine q(m).
-3
Let d(y) = y**2 - 3*y + 2. Let m be 8 - 3/((-9)/(-6)). Calculate d(m).
20
Let l = 139 - 135. Let u(t) be the third derivative of -2*t**2 + 1/24*t**l + 0*t + 1/2*t**3 + 0. What is u(-7)?
-4
Let y(t) be the third derivative of t**6/360 + t**5/40 - t**4/24 + t**2. Let f(l) be the second derivative of y(l). Suppose 2 = -4*d + 14. Give f(d).
9
Let p(x) be the third derivative of x**6/120 - x**5/15 + x**4/24 - x**3/2 + 2*x**2. Determine p(3).
-9
Let p(z) = -5*z + 1. Let m(d) = -d**3 - 5*d**2 - d - 2. Let f be m(-5). Let l(c) = c**2 - 2*c - 1. Let q be l(f). What is p(q)?
-9
Let j(m) = m**3 - 14*m**2 - 14*m - 15. Let b be j(15). Let f(n) = n**2 - n**2 + n**2. What is f(b)?
0
Let h(w) = 7*w**2 + 9*w - 1. Let l = 1 + -1. Let j(i) = i + l*i + 4*i + 4*i**2. Let p(a) = -3*h(a) + 5*j(a). Give p(-4).
-5
Let c be (-1)/(1 - (-12)/(-15)). Let u(g) be the first derivative of -g**4/4 - 4*g**3/3 + 2*g**2 + 14. Determine u(c).
5
Let o(c) be the second derivative of c**3/3 + c**2/2 + 36*c. Give o(-8).
-15
Let c = -9 - -21. Suppose -p - 2*p = 2*n, 0 = -4*n + c. Let x(i) = 2*i**2 + 2*i - 3*i - 3*i - 2 + i**3 + 3*i. Determine x(p).
0
Let j(o) = 2*o**3 + 20*o**2 + 2*o + 33. Let z(l) = -l**3 - 10*l**2 - l - 17. Let a(p) = -6*j(p) - 11*z(p). Determine a(-10).
-1
Let g be (-16)/(-8) - (-2 - 0). Let v be 8/2 + -2 - 0. Let n(l) = -5 + 2 + 4*l**v + 0*l + 3*l - l**3. Determine n(g).
9
Let f(j) = 6*j**2 - 3 + 3 + 0. Let g = -3 + 3. Suppose 3*s + g = 3, 4*b = -5*s + 1. Determine f(b).
6
Let r(y) = 0*y**2 + y + 5*y**2 + 0*y**2 - 4*y**2 + 1. Let q be 21/14*4/(-2). Calculate r(q).
7
Let w(l) = -l**3 + 8*l**2 - 6*l - 4. Let c be w(7). Let k(g) = -9*g + g**3 + c*g + 4*g + 2*g**2 - 3. Let y be ((-1)/2)/((-1)/(-4)). Give k(y).
1
Let s = 113 + -117. Let u(o) = -o + 3. What is u(s)?
7
Let x(m) = m**2 - 9*m + 2. Let h(z) = -z - 1. Let v = 5 - 6. Let o(c) = v*x(c) + 2*h(c). What is o(5)?
6
Let u(a) = -249 + a - 2*a**3 + 3*a**2 - 6*a**2 - 3*a + 248. Calculate u(-2).
7
Let j(x) be the second derivative of -x**3 - 3*x**2/2 + 3*x. Let f(o) = 13*o + 6. Let k(c) = -2*f(c) - 5*j(c). Determine k(-2).
-5
Suppose 4 = f - 2*f. Let t(y) = -20 + y**2 - 23 + 3*y + 45. Calculate t(f).
6
Let r be (6/8)/(7 + 162/(-24)). Let u(x) = -x**3 + x**2 + 1. Determine u(r).
-17
Let c(y) be the first derivative of y + 1/2*y**2 + 7 + 1/3*y**3. Calculate c(-1).
1
Let s = -1 - 4. Let h(y) = y**3 + 5*y**2 + 4*y + 3. What is h(s)?
-17
Let l(z) = 6*z - 3*z**3 + 3*z**2 + 15 + 14 + 2*z**3 - 30. Calculate l(4).
7
Let m(o) be the third derivative of o**7/2520 + o**6/180 + o**5/30 + o**4/12 + 4*o**2. Let t(g) be the second derivative of m(g). Give t(-3).
1
Let u(j) = j + 3 - 3 + 0*j + 3. Give u(-6).
-3
Let r(p) = -5*p + 8. Let s(t) = -2*t + 3. Let b(d) = 3*r(d) - 8*s(d). Calculate b(-5).
-5
Let f(z) = 3*z**2 - 2*z + 2. Let q(g) = -8*g**2 + 7*g - 6. Let x(s) = 11*f(s) + 4*q(s). Determine x(-6).
-2
Let b(u) = 5*u**2 - 2*u + 1. Let r = -88 - -89. Calculate b(r).
4
Let j(i) = i**2. Let p be j(2). Let n(k) = 2 + p*k - 1 - 3*k. Give n(-5).
-4
Let o be (6/(-27))/(24/(-54)). Let i(z) be the second derivative of 1/12*z**4 + 1/2*z**2 - 3*z + o*z**5 + 0 + 1/6*z**3. Give i(-1).
-9
Let s(v) = -3*v + 4*v - 2 - 2. Let n be s(3). Let o(a) = -6*a + 1. Let r(g) = -5*g + 1. Let l(u) = 3*o(u) - 2*r(u). Give l(n).
9
Let c = 25 - 13. Suppose -3*m - 6 = -l, 5*m = -l + 3*l - c. Let b(h) = 0 + h - l + h + 1. What is b(6)?
7
Suppose -2*n - 3*b = -4, 3*n = 2*b - b - 16. Let x(t) = -t**2 - 3*t. Calculate x(n).
-4
Let h(r) = r**2 - 5*r + 7. Let y(m) = m**2 - 6*m + 5. Let c be y(6). Determine h(c).
7
Let o(g) be the third derivative of g**4/6 - g**3 - 2*g**2. Let v be 7 - (1 - 0)*2. Calculate o(v).
14
Let n = -3 + 8. Let d(r) = -r**2 + 6*r + 5. Calculate d(n).
10
Let x(h) be the first derivative of 1/2*h**2 - 2 + 2*h. Give x(-3).
-1
Let r = -2 - -8. Let k(f) = -4*f - 5. Let m(p) = -4*p - 4. Let h(u) = r*m(u) - 5*k(u). Give h(-1).
5
Let k(q) = 3*q - 2. Let u(h) be the second derivative of -h**3/3 + h**2/2 - 14*h. Let r be (2 - 2) + (0 - -2). Let f(a) = r*k(a) + 5*u(a). What is f(1)?
-3
Let w = 22 + -22. Let u(c) = c + 3. What is u(w)?
3
Let s(n) = n**2 + 3*n + 2. Let r be s(-3). Let x(a) = -5*a**2 + 5*a**r - 3 - 4*a**2 + 2*a + a**3. Determine x(4).
5
Let p(k) = 4*k - 6*k**2 + 0*k**2 - 2 + 7*k**2 + 2*k. Give p(-7).
5
Let b(u) = u - 4. Let y(i) = -i**3 - 6*i**2 + 5*i - 8. Let l be y(-7). Let r be (1 - (-3)/l)*2. Give b(r).
-1
Let m(c) be the second derivative of -c**4/8 - c**3/3 + c**2 + 3*c. Let j(w) be the first derivative of m(w). Determine j(-4).
10
Let x be (-2)/(-5)*5*-1. Let d(a) = a + 1. Let u(l) = 5 + 4 + 3*l - 5. Let w(y) = d(y) - u(y). Determine w(x).
1
Let m be 3/(-1)*(-1)/(-3). Let c = 3 + m. Let f be c/3*9/(-6). Let q(z) = -z - 2. Determine q(f).
-1
Let b be (-2)/5 + 24/10. Let l(c) = -5*c - 1. Determine l(b).
-11
Let d(n) = n**3 - 7*n**2 - n + 10. Let c be d(7). Suppose z + a - c = 0, -5*a = -2*z - 0*a - 8. Let u(f) = -2*f**3 + f**2 - 1. What is u(z)?
-2
Suppose 5*c = -5*s + 15, 5*s + 2 - 17 = -3*c. Let l(b) = -b + 14. Calculate l(c).
14
Let a(b) = 7*b - 11. Let y(t) = -3*t + 5. Let o(d) = 2*a(d) + 5*y(d). Give o(-7).
10
Suppose -a - 3*v = -16, 0 = 5*a - 2*a + 4*v - 33. Let u(w) = -w**3 + w**2 - 40*w + a + 40*w. Determine u(0).
7
Let o(u) = 3*u + 4. Let a(j) = -j - 1. Let i(p) = -p**3 + p**2 + 2*p. Let b be i(-2). Let d(t) = b*a(t) + 3*o(t). Calculate d(-6).
-2
Let t(z) = -z + 1. Let j(p) = -5*p - 8. Let r(a) = j(a) - 4*t(a). Calculate r(-5).
-7
Let h(x) = 3*x**2 - 14*x + 3. Let i(y) = y**2 - 5*y + 1. Let k(j) = 6*h(j) - 17*i(j). Determine k(-1).
1
Suppose -2*b + 4*p = 3 + 1, -4 = -4*b - 4*p. Let k(q) = b*q - q - q - 2*q**2. Calculate k(-2).
-4
Let z(f) = -4*f**3 - 1. Let c be (0 + 1/(-2))*2. Calculate z(c).
3
Let w be (0 + 0)*(-5)/(-10). Suppose -o - o - 8 = w. Let d(x) = x**3 + 3*x**2 - 5*x + 2. Calculate d(o).
6
Let j(h) be the first derivative of -h**4/4 - h**3/3 - 2*h - 16. Give j(0).
-2
Let h = 7 - 11. Let f(u) be the third derivative of -u**4/24 + u**3/6 + 2*u**2. Let k(y) = -y**2 - 9*y + 3. Let g(j) = 4*f(j) - k(j). What is g(h)?
-3
Suppose n - 13 = 2*m - 0*m, n = -3*m - 17. Let u(p) = 2*p + 9. Give u(m).
-3
Let d = 18 - 2. Suppose f = -f - d. Let h be (-15)/6*f/10. Let i(l) = 4*l + 2. Determine i(h).
10
Let x(b) be the first derivative of -b**3/3 - b**2 + 3*b - 3. Let y = 2 - 0. What is x(y)?
-5
Let x = -3 - -6. Let u(q) = 4*q - 6 + q + 4*q**2 - q - q**x. Determine u(4).
10
Let n be (-6)/(-39) + (-67)/13. Let a(c) = -c**2 - 6*c - 5. Calculate a(n).
0
Let o(d) = d + 3 - 3*d**2 - 2*d**2 + 4*d**2. Let s(y) = y**2 - 5*y + 5. Let a be s(5). Suppose -5*n + 5 + a = -2*k, -5*n = -5*k + 5. What is o(n)?
-9
Let p(l) = l - 28. Let t(a) = 9. Let q(r) = -2*p(r) - 7*t(r). Suppose -s - 3*h - 2 = 0, 3*s - 4*h = -0*h - 19. Calculate q(s).
3
Let f(u) = -u**2 - 1. Let q be 2/(-10) - 6/((-180)/66). What is f(q)?
-5
Suppose 2*y = z + 67, -2*z = y + 3*z - 39. Let h be y/(-6) + (-4)/12. Let s(f) = f**2 + 5*f - 1. Calculate s(h).
5
Let m(y) = y + 3 + 6 - 23 + 9. Calculate m(8).
3
Let k(s) = 12*s + 0*s + 76 - 75 + 9*s. Determine k(-1).
-20
Let y(r) = -r**3 + 6*r**2 + 7*r + 3. Let c = 17 + -10. Determine y(c).
3
Let n(q) be the third derivative of q**6/120 - q**5/10 + q**4/3 - 7*q**3/6 - 23*q**2. Calculate n(5).
8
Let j(s) = -7*s**2 - 12*s - 9. Let d(h) = -13*h**2 - 23*h - 17. Let k(c) = -6*d(c) + 11*j(c). What is k(-4)?
-5
Let o(k) = -10*k. Let r = 8 - 13. Let a = r - -2. Let n be ((-1 - a)/2)/(-1). What is o(n)?
10
Let t = -11 + 15. Let s(r) = -3 + 5*r - r - 3*r. Give s(t).
1
Let a(m) = -m + 6. Let h(w) = 3*w**2 - 3 + 4*w - 5*w - w**3 + 4*w. Let l be h(3). Give a(l).
0
Let g be (2/3)/(2/12). Let f(z) = 0*z - z - 2 + z - g*z. Suppose t + t - 2*r = 6, 4*r = 3*t - 14. Determine f(t).
6
Let j be (-50)/(-15)*3/2. Let n(s) = s**2 + 7*s - 3. Let h(a) = -3*a**2 - 15*a + 6. Let k(x) = j*n(x) + 2*h(x). Give k(5).
-3
Let p(k) = 3*k - 3*k - 1 - k. Let x(f) = 1. Let v(m) = -p(m) - 3*x(m). Let l be v(5). Let t(s) = -2*s + 1. Determine t(l).
-5
Let n(s) = -10*s**3 - 3*s**2 + 7*s - 1. Let b(h) = 7*h**3 + 2*h**2 - 5*h + 1. Let c(t) = -7*b(t) - 5*n(t). Calculate c(-3).
-20
Let l = -6 + 1. Let s